{"id":15048,"date":"2018-05-02T09:12:01","date_gmt":"2018-05-02T07:12:01","guid":{"rendered":"http:\/\/capital-artisanat-partners.com\/?page_id=15048"},"modified":"2025-09-24T06:59:05","modified_gmt":"2025-09-24T04:59:05","slug":"infos","status":"publish","type":"page","link":"https:\/\/capital-artisanat-partners.com\/index.php\/infos\/","title":{"rendered":"Informations l\u00e9gales"},"content":{"rendered":"<p>[vc_row][vc_column][vc_column_text]<strong>CAPITAL-ARTISANAT-PARTNERS.COM \u00e9dit\u00e9 par la soci\u00e9t\u00e9<\/strong><br \/>\nSAS CAPITAL ARTISANAT PARTNERS<br \/>\n65, rue Saint-Andr\u00e9 des Arts 75006 Paris<br \/>\nTVA intra-communautaire : FR 53 821043775<\/p>\n<p><strong>H\u00e9bergement<\/strong><br \/>\nL\u2019h\u00e9bergement des sites est assur\u00e9 par :<br \/>\nOVH<br \/>\n140 Quai du Sartel<br \/>\n59100 ROUBAIX<br \/>\nN\u00b0 de TVA intracommunautaire : FR 22 424761419<\/p>\n<p><strong>Droit de propri\u00e9t\u00e9 intellectuelle<\/strong><br \/>\nLe site, son design et son contenu sont la propri\u00e9t\u00e9 exclusive de la soci\u00e9t\u00e9 CAPITAL ARTISANAT PARTNERS. L\u2019utilisation, la reproduction ou la traduction, partielle ou int\u00e9grale, des \u00e9l\u00e9ments du site capital-artisanat-partners.com sont formellement interdites, sauf autorisation expresse et \u00e9crite octroy\u00e9e par la soci\u00e9t\u00e9 CAPITAL ARTISANAT PARTNERS. (article 122.4 du Code de la Propri\u00e9t\u00e9 Intellectuelle).<br \/>\nEn d\u00e9pit de la vigilance de l\u2019\u00e9diteur, il est possible que des erreurs subsistent. Dans pareil cas, vous pouvez nous les signaler via notre formulaire de contact. En aucun cas, la soci\u00e9t\u00e9 CAPITAL ARTISANAT PARTNERS ne pourra \u00eatre tenue responsable des dommages li\u00e9s \u00e0 la consultation ou l\u2019utilisation du site capital-artisanat-partners.com.<\/p>\n<p><strong>Donn\u00e9es personnelles<\/strong><br \/>\nLes informations collect\u00e9es via le site capital-artisanat-partners.com sont uniquement destin\u00e9es \u00e0 la prise de contact. Elles ne seront en aucun cas communiqu\u00e9es \u00e0 des tiers.<\/p>\n<p><strong>Cr\u00e9dit<\/strong><br \/>\nLa conception graphique, technique et \u00e9ditoriale sont assur\u00e9es par la soci\u00e9t\u00e9 CAPITAL ARTISANAT PARTNERS gr\u00e2ce \u00e0 la technologie WordPress.<br \/>\nCr\u00e9dits photos : Acquisition des droits via Fotolia.com[\/vc_column_text][\/vc_column][\/vc_row]<\/p>\n","protected":false},"excerpt":{"rendered":"<p>[vc_row][vc_column][vc_column_text]CAPITAL-ARTISANAT-PARTNERS.COM \u00e9dit\u00e9 par la soci\u00e9t\u00e9 SAS CAPITAL ARTISANAT PARTNERS 65, rue Saint-Andr\u00e9 des Arts 75006 Paris TVA intra-communautaire : FR 53 821043775 H\u00e9bergement L\u2019h\u00e9bergement des sites est assur\u00e9 par : OVH 140 Quai du Sartel 59100 ROUBAIX N\u00b0 de TVA intracommunautaire : FR 22 424761419 Droit de propri\u00e9t\u00e9 intellectuelle Le site, son design et son&hellip;<\/p>\n","protected":false},"author":1,"featured_media":0,"parent":0,"menu_order":0,"comment_status":"closed","ping_status":"open","template":"","meta":[],"class_list":["post-15048","page","type-page","status-publish","hentry","description-off"],"_links":{"self":[{"href":"https:\/\/capital-artisanat-partners.com\/index.php\/wp-json\/wp\/v2\/pages\/15048","targetHints":{"allow":["GET"]}}],"collection":[{"href":"https:\/\/capital-artisanat-partners.com\/index.php\/wp-json\/wp\/v2\/pages"}],"about":[{"href":"https:\/\/capital-artisanat-partners.com\/index.php\/wp-json\/wp\/v2\/types\/page"}],"author":[{"embeddable":true,"href":"https:\/\/capital-artisanat-partners.com\/index.php\/wp-json\/wp\/v2\/users\/1"}],"replies":[{"embeddable":true,"href":"https:\/\/capital-artisanat-partners.com\/index.php\/wp-json\/wp\/v2\/comments?post=15048"}],"version-history":[{"count":2,"href":"https:\/\/capital-artisanat-partners.com\/index.php\/wp-json\/wp\/v2\/pages\/15048\/revisions"}],"predecessor-version":[{"id":15060,"href":"https:\/\/capital-artisanat-partners.com\/index.php\/wp-json\/wp\/v2\/pages\/15048\/revisions\/15060"}],"wp:attachment":[{"href":"https:\/\/capital-artisanat-partners.com\/index.php\/wp-json\/wp\/v2\/media?parent=15048"}],"curies":[{"name":"wp","href":"https:\/\/api.w.org\/{rel}","templated":true}]}}